63206508?
2
What is the ten thousands digit of 2466503?
6
What is the thousands digit of 62940739?
0
What is the hundreds digit of 255627438?
4
What is the thousands digit of 173739509?
9
What is the hundreds digit of 43049588?
5
What is the billions digit of 1354154953?
1
What is the tens digit of 6605526?
2
What is the hundreds digit of 380756253?
2
What is the hundred millions digit of 729312455?
7
What is the billions digit of 6706673760?
6
What is the tens digit of 175198230?
3
What is the hundred thousands digit of 224942414?
9
What is the units digit of 29967454?
4
What is the ten thousands digit of 198294416?
9
What is the millions digit of 3020177319?
0
What is the hundred thousands digit of 3869629714?
6
What is the hundreds digit of 415214435?
4
What is the ten millions digit of 28252862?
2
What is the units digit of 681308536?
6
What is the tens digit of 41480759?
5
What is the ten millions digit of 102639349?
0
What is the ten thousands digit of 1299681781?
8
What is the ten millions digit of 363192463?
6
What is the thousands digit of 2604762624?
2
What is the thousands digit of 4694131?
4
What is the thousands digit of 238219869?
9
What is the hundred millions digit of 183888368?
1
What is the ten thousands digit of 309858520?
5
What is the units digit of 87226605?
5
What is the ten millions digit of 83693649?
8
What is the ten thousands digit of 90151656?
5
What is the units digit of 3150354633?
3
What is the ten thousands digit of 53825103?
2
What is the hundred millions digit of 1376803076?
3
What is the ten thousands digit of 1059922625?
2
What is the units digit of 28423601?
1
What is the thousands digit of 3374650052?
0
What is the ten millions digit of 3016680192?
1
What is the millions digit of 479631931?
9
What is the tens digit of 237397214?
1
What is the hundreds digit of 2248979768?
7
What is the ten millions digit of 285726361?
8
What is the tens digit of 11828936?
3
What is the ten millions digit of 4783542582?
8
What is the thousands digit of 60975744?
5
What is the units digit of 243135628?
8
What is the hundred millions digit of 303792578?
3
What is the ten thousands digit of 120688387?
8
What is the ten millions digit of 1214810988?
1
What is the thousands digit of 3602073358?
3
What is the thousands digit of 69840251?
0
What is the ten millions digit of 138368786?
3
What is the thousands digit of 30840697?
0
What is the ten thousands digit of 7301640040?
4
What is the tens digit of 63624512?
1
What is the hundred thousands digit of 1077434514?
4
What is the units digit of 29126583?
3
What is the units digit of 17542803?
3
What is the thousands digit of 317878435?
8
What is the hundred millions digit of 428080929?
4
What is the tens digit of 439125530?
3
What is the thousands digit of 1792990777?
0
What is the tens digit of 152791148?
4
What is the hundred thousands digit of 47030114?
0
What is the ten thousands digit of 571319505?
1
What is the millions digit of 8073195?
8
What is the ten millions digit of 1728633630?
2
What is the ten millions digit of 606971381?
0
What is the millions digit of 14457361?
4
What is the thousands digit of 2993090479?
0
What is the ten millions digit of 2236311175?
3
What is the hundreds digit of 15019939?
9
What is the ten millions digit of 13771230?
1
What is the ten millions digit of 87983326?
8
What is the hundred millions digit of 125204065?
1
What is the ten millions digit of 3275935172?
7
What is the units digit of 439947968?
8
What is the thousands digit of 81494287?
4
What is the hundreds digit of 811489334?
3
What is the tens digit of 184428163?
6
What is the thousands digit of 97269793?
9
What is the units digit of 40514979?
9
What is the tens digit of 1073834833?
3
What is the millions digit of 24709164?
4
What is the hundred thousands digit of 203860581?
8
What is the thousands digit of 6070550994?
0
What is the hundred thousands digit of 294784929?
7
What is the units digit of 3372352462?
2
What is the millions digit of 122291832?
2
What is the hundred thousands digit of 1495228850?
2
What is the ten thousands digit of 86012140?
1
What is the thousands digit of 181944651?
4
What is the thousands digit of 471694770?
4
What is the hundreds digit of 346193117?
1
What is the hundred millions digit of 981683798?
9
What is the hundred thousands digit of 147247937?
2
What is the tens digit of 37281662?
6
What is the hundred thousands digit of 338239877?
2
What is the hundred thousands digit of 3037293243?
2
What is the ten millions digit of 23112192?
2
What is the tens digit of 4643922224?
2
What is the ten millions digit of 36636276?
3
What is the tens digit of 1348247161?
6
What is the ten millions digit of 855800822?
5
What is the ten millions digit of 72884655?
7
What is the units digit of 1522563758?
8
What is the ten millions digit of 465113842?
6
What is the hundred thousands digit of 74974408?
9
What is the millions digit of 67697543?
7
What is the hundreds digit of 27219885?
8
What is the ten thousands digit of 71673137?
7
What is the thousands digit of 498093003?
3
What is the thousands digit of 47775593?
5
What is the thousands digit of 771873868?
3
What is the ten millions digit of 54760896?
5
What is the ten millions digit of 153755847?
5
What is the tens digit of 2883091130?
3
What is the ten thousands digit of 245190128?
9
What is the hundreds digit of 302200287?
2
What is the billions digit of 1614759579?
1
What is the thousands digit of 65668367?
8
What is the hundred thousands digit of 63275973?
2
What is the hundred thousands digit of 675168492?
1
What is the tens digit of 251873492?
9
What is the hundreds digit of 78872281?
2
What is the tens digit of 4007687289?
8
What is the hundred millions digit of 1184068043?
1
What is the hundred thousands digit of 12189028?
1
What is the millions digit of 4408372733?
8
What is the hundreds digit of 309513718?
7
What is the hundred thousands digit of 95296802?
2
What is the tens digit of 573740198?
9
What is the hundred thousands digit of 768383828?
3
What is the hundred thousands digit of 84505215?
5
What is the millions digit of 138266749?
8
What is the tens digit of 543126267?
6
What is the hundred thousands digit of 70726758?
7
What is the millions digit of 216858264?
6
What is the tens digit of 428680684?
8
What is the millions digit of 2258176547?
8
What is the ten millions digit of 222377880?
2
What is the tens digit of 446804991?
9
What is the tens digit of 329261878?
7
What is the ten millions digit of 1307373925?
0
What is the ten thousands digit of 69948974?
4
What is the ten thousands digit of 316773368?
7
What is the millions digit of 100320758?
0
What is the units digit of 442233419?
9
What is the units digit of 7644927?
7
What is the ten thousands digit of 432717983?
1
What is the hundreds digit of 50196571?
5
What is the ten thousands digit of 474848590?
4
What is the tens digit of 33807155?
5
What is the ten millions digit of 31088063?
3
What is the hundred thousands digit of 4695125?
6
What is the hundred thousands digit of 178243763?
2
What is the hundred thousands digit of 130851791?
8
What is the ten thousands digit of 821072375?
7
What is the hundred millions digit of 729535896?
7
What is the hundred millions digit of 300524253?
3
What is the ten thousands digit of 560365426?
6
What is the hundreds digit of 163565602?
6
What is the ten millions digit of 3427779952?
2
What is the hundred millions digit of 336211119?
3
What is the hundred thousands digit of 78511551?
5
What is the ten thousands digit of 27195792?
9
What is the ten millions digit of 62512930?
6
What is the thousands digit of 821391665?
1
What is the hundred millions digit of 1743487503?
7
What is the thousands digit of 1138463699?
3
What is the units digit of 6333388?
8
What is the hundred millions digit of 351036500?
3
What is the ten thousands digit of 4370798?
7
What is the tens digit of 67559245?
4
What is the ten thousands digit of 132986275?
8
What is the millions digit of 92516412?
2
What is the tens digit of 492046636?
3
What is the millions digit of 3304055159?
4
What is the hundred thousands digit of 2694215513?
2
What is the hundred millions digit of 564636842?
5
What is the thousands digit of 12713976?
3
What i